{"id":1768,"date":"2021-08-04T17:37:51","date_gmt":"2021-08-04T15:37:51","guid":{"rendered":"https:\/\/um-festival.de\/7th-um-festival-2021\/program\/"},"modified":"2023-08-29T19:13:10","modified_gmt":"2023-08-29T17:13:10","slug":"program","status":"publish","type":"page","link":"https:\/\/um-festival.de\/en\/2023-connect\/program\/","title":{"rendered":"PROGRAM UM-Festival 2023"},"content":{"rendered":"\n<p class=\"has-medium-font-size\"><strong>September 9 &#8211; 10, 2023  <\/strong><\/p>\n\n\n\n<p class=\"has-medium-font-size\"><strong>Art<\/strong><\/p>\n\n\n\n<p><a href=\"https:\/\/um-festival.de\/en\/2023-connect\/artists\/#AnnikaHippler\">Annika Hippler<\/a>, <a href=\"https:\/\/um-festival.de\/en\/2023-connect\/artists\/#BradNath\">Brad Nath<\/a>,&nbsp;<a href=\"https:\/\/um-festival.de\/en\/2023-connect\/artists\/#CollectiveMoe\">Collective M\u00f6<\/a>, &nbsp;<a href=\"https:\/\/um-festival.de\/en\/2023-connect\/artists\/#andreasgreiner\">Andreas Greiner<\/a>, <a href=\"https:\/\/um-festival.de\/en\/2023-connect\/artists\/#kyocotaniyama\">Kyoco Taniyama<\/a><\/p>\n\n\n\n<div style=\"height:12px\" aria-hidden=\"true\" class=\"wp-block-spacer\"><\/div>\n\n\n\n<p class=\"has-medium-font-size\"><strong>Saturday 9 September 2023<\/strong><\/p>\n\n\n\n<p class=\"has-medium-font-size\"><strong>Literature<\/strong><\/p>\n\n\n\n<p>PINNOW<br><strong>12:30 <\/strong><a href=\"https:\/\/um-festival.de\/en\/2023-connect\/artists\/#antionabaum\">Antonia Baum<\/a> reads from <em>Siegfried<\/em><br><strong>14:00 <\/strong><a href=\"https:\/\/um-festival.de\/en\/2023-connect\/artists\/#slataroschal\">Slata Roscha<\/a>l reads from <em>153 Formen des Nichtseins<\/em><\/p>\n\n\n\n<p><\/p>\n\n\n\n<p class=\"has-medium-font-size\"><strong>Literature and music<\/strong><\/p>\n\n\n\n<p>PINNOW<br><strong>18:15<\/strong> <a href=\"https:\/\/um-festival.de\/en\/2023-connect\/artists\/#mynthersprenger\">Concert and reading with texts by Veit Sprenger and musical accompaniment by Thies Mynther<\/a><\/p>\n\n\n\n<p><\/p>\n\n\n\n<p class=\"has-medium-font-size\"><strong>Music<\/strong><\/p>\n\n\n\n<p>PINNOW<br><strong>13:30 \/ 15:00<\/strong> Chimes by <a href=\"https:\/\/um-festival.de\/en\/2023-connect\/artists\/#elkehorner\">Elke Horner<\/a><br><strong>ab 15:00<\/strong> <a href=\"https:\/\/um-festival.de\/en\/2023-connect\/artists\/#modularturmklangkarussell\">Interactive installation sound carousel<\/a><br><strong>16:30<\/strong> DJ Set CONNECT Team &#8211; B2B with Leonore del Mestre and Philippa Bock<br><strong>19:15 h<\/strong> Concert with <a href=\"https:\/\/um-festival.de\/en\/2023-connect\/artists\/#postneo\">Post Neo<\/a><br><strong>20:00<\/strong> DJ set multigenerational music with <a href=\"https:\/\/um-festival.de\/en\/2023-connect\/artists\/#thomasfehlmann\">Thomas Fehlmann<\/a><\/p>\n\n\n\n<p><\/p>\n\n\n\n<p>FERGITZ<br><strong>13:00 \/ 14:00<\/strong> Accordion and poem with <a href=\"https:\/\/um-festival.de\/en\/2023-connect\/artists\/#AnniKa-von-Trier\">AnniKa von Trier<\/a><br><strong>15:30<\/strong> Concert &#8211; <a href=\"https:\/\/um-festival.de\/en\/2023-connect\/artists\/#ensemblequillo\">Ensemble Quillo<\/a> LandQultour tours the Uckermark region<br><strong>16:00<\/strong> Concert and performance by <a href=\"https:\/\/um-festival.de\/en\/2023-connect\/artists\/#violayip\">Viola Yip<\/a><\/p>\n\n\n\n<p><\/p>\n\n\n\n<p class=\"has-medium-font-size\"><strong>Sunday 10 September 2023<\/strong><\/p>\n\n\n\n<p class=\"has-medium-font-size\"><strong>Talk<\/strong><\/p>\n\n\n\n<p>FERGITZ<br><strong>11:00 <\/strong>Talk with Prof. Michael Succow on <em>Plaudikultur im Moor &#8211; nasse F\u00fc\u00dfe f\u00fcr die Zukunft<\/em><\/p>\n\n\n\n<p class=\"has-medium-font-size\"><strong>Music<\/strong><\/p>\n\n\n\n<p><\/p>\n\n\n\n<p>PINNOW<br><strong>ab 12:00<\/strong> <a href=\"https:\/\/um-festival.de\/en\/2023-connect\/artists\/#modularturmklangkarussell\">Interactive installation sound carousel<\/a><br><strong>12:30 <\/strong>Concert Matinee with <a href=\"https:\/\/um-festival.de\/en\/2023-connect\/artists\/#mynthersprenger\">Thies Mynther &amp; Veit Sprenger<\/a><\/p>\n\n\n\n<p class=\"has-medium-font-size\"><\/p>\n\n\n\n<p class=\"has-medium-font-size\"><strong>Music<\/strong><\/p>\n\n\n\n<p>FERGITZ<br><strong>14:00<\/strong> Concert with <a href=\"https:\/\/um-festival.de\/en\/2023-connect\/artists\/#baal&amp;mortimer\">Baal &amp; Mortimer<\/a><br><strong>15:00 <\/strong>Concert with <a href=\"https:\/\/um-festival.de\/en\/2023-connect\/artists\/#like-a-shadow\">Zeynep Ayse Hatipoglu and Robert Lippok<\/a><\/p>\n\n\n\n<p><\/p>\n\n\n\n<p class=\"has-medium-font-size\"><strong>Cooperation project with the Succow Foundation and the Nature School Prenzlau<\/strong><\/p>\n\n\n\n<p>Ilona K\u00e1lnoky <em>Paludikultur im Moor \u2013 nasse F\u00fcsse f\u00fcr die Zukunft<\/em><\/p>\n\n\n\n<p>A project by Ilona K\u00e1lnoky in cooperation with the Michael Succow Foundation and the Active Nature School Prenzlau<\/p>\n\n\n\n<p>For this year&#8217;s UM Festival Ilona K\u00e1lnoky deals with the topic of paludiculture (agriculture and forestry on wet soil). As Co2 reservoirs, peatlands need to become wet again. Inspired by the research of the Michael Succow Foundation, thoughts arise about the transformation of the region and the use of new agricultural products such as reeds and sedge . In an exhibition together with the active nature school Prenzlau the results are shown at Gut Fergitz.   <\/p>\n\n\n\n<p><a href=\"http:\/\/www.ilonakalnoky.de\" target=\"_blank\" rel=\"noopener\">www.ilonakalnoky.de<\/a> <a href=\"https:\/\/www.succow-stiftung.de\/\" target=\"_blank\" rel=\"noopener\"> www.succow-stiftung.de<\/a> <a href=\"http:\/\/www.aktive-naturschule.de\" target=\"_blank\" rel=\"noopener\">www.aktive-naturschule.de<\/a><\/p>\n\n\n\n<p>With the new knowledge about our peatlands as an important contribution against the emission of CO2, paludiculture has a new importance. Bogs and marshy meadows that were drained centuries ago are now being re-wetted. Thereby important bogs are created again, which bind Co2 in their sediments.   <\/p>\n\n\n\n<p>Due to paludiculture, grasses such as the reed or sedge are growing more. It is time to think about how we can use these products. The use of reeds in historical times was for roofing, and insulation. It is also being researched as a fuel for energy production. The need for roofing material is imported, will that still be necessary when harvested and processed regionally again?     <\/p>\n\n\n\n<p>The project started at the beginning of July 2023 as a project week of the Active Nature School Prenzlau in Fergitz (Uckermark). A reappraisal of the past of moor and reed and its cultural development in the Uckermark region is to be created. In the workshop products for a culture with reed and moor are compiled.  <\/p>\n\n\n\n<div style=\"height:25px\" aria-hidden=\"true\" class=\"wp-block-spacer\"><\/div>\n\n\n\n<div class=\"wp-block-buttons is-layout-flex wp-block-buttons-is-layout-flex\">\n<div class=\"wp-block-button has-custom-font-size has-medium-font-size\"><a class=\"wp-block-button__link has-white-color has-text-color has-background wp-element-button\" href=\"https:\/\/www.tixforgigs.com\/Event\/50765\" style=\"border-radius:0px;background-color:#442681\" target=\"_blank\" rel=\"https:\/\/www.tixforgigs.com\/Event\/50765 noopener\">Buy tickets<\/a><\/div>\n<\/div>\n\n<div style=\"height:5px\" aria-hidden=\"true\" class=\"wp-block-spacer\"><\/div>\n","protected":false},"excerpt":{"rendered":"<p>September 9 &#8211; 10, 2023 Art Annika Hippler, Brad Nath,&nbsp;Collective M\u00f6, &nbsp;Andreas Greiner, Kyoco Taniyama Saturday 9 September 2023 Literature PINNOW12:30 Antonia Baum reads from Siegfried14:00 Slata Roschal reads from 153 Formen des Nichtseins Literature and music PINNOW18:15 Concert and reading with texts by Veit Sprenger and musical accompaniment by Thies Mynther Music PINNOW13:30 \/ [&hellip;]<\/p>\n","protected":false},"author":1,"featured_media":0,"parent":285,"menu_order":0,"comment_status":"closed","ping_status":"closed","template":"","meta":{"_acf_changed":false,"footnotes":""},"class_list":["post-1768","page","type-page","status-publish","hentry"],"acf":[],"_links":{"self":[{"href":"https:\/\/um-festival.de\/en\/wp-json\/wp\/v2\/pages\/1768","targetHints":{"allow":["GET"]}}],"collection":[{"href":"https:\/\/um-festival.de\/en\/wp-json\/wp\/v2\/pages"}],"about":[{"href":"https:\/\/um-festival.de\/en\/wp-json\/wp\/v2\/types\/page"}],"author":[{"embeddable":true,"href":"https:\/\/um-festival.de\/en\/wp-json\/wp\/v2\/users\/1"}],"replies":[{"embeddable":true,"href":"https:\/\/um-festival.de\/en\/wp-json\/wp\/v2\/comments?post=1768"}],"version-history":[{"count":18,"href":"https:\/\/um-festival.de\/en\/wp-json\/wp\/v2\/pages\/1768\/revisions"}],"predecessor-version":[{"id":2964,"href":"https:\/\/um-festival.de\/en\/wp-json\/wp\/v2\/pages\/1768\/revisions\/2964"}],"up":[{"embeddable":true,"href":"https:\/\/um-festival.de\/en\/wp-json\/wp\/v2\/pages\/285"}],"wp:attachment":[{"href":"https:\/\/um-festival.de\/en\/wp-json\/wp\/v2\/media?parent=1768"}],"curies":[{"name":"wp","href":"https:\/\/api.w.org\/{rel}","templated":true}]}}

<p class="has-medium-font-size"><strong>September 9 &#8211; 10, 2023  </strong></p>



<p class="has-medium-font-size"><strong>Art</strong></p>



<p><a href="https://um-festival.de/en/2023-connect/artists/#AnnikaHippler">Annika Hippler</a>, <a href="https://um-festival.de/en/2023-connect/artists/#BradNath">Brad Nath</a>,&nbsp;<a href="https://um-festival.de/en/2023-connect/artists/#CollectiveMoe">Collective Mö</a>, &nbsp;<a href="https://um-festival.de/en/2023-connect/artists/#andreasgreiner">Andreas Greiner</a>, <a href="https://um-festival.de/en/2023-connect/artists/#kyocotaniyama">Kyoco Taniyama</a></p>



<div style="height:12px" aria-hidden="true" class="wp-block-spacer"></div>



<p class="has-medium-font-size"><strong>Saturday 9 September 2023</strong></p>



<p class="has-medium-font-size"><strong>Literature</strong></p>



<p>PINNOW<br><strong>12:30 </strong><a href="https://um-festival.de/en/2023-connect/artists/#antionabaum">Antonia Baum</a> reads from <em>Siegfried</em><br><strong>14:00 </strong><a href="https://um-festival.de/en/2023-connect/artists/#slataroschal">Slata Roscha</a>l reads from <em>153 Formen des Nichtseins</em></p>



<p></p>



<p class="has-medium-font-size"><strong>Literature and music</strong></p>



<p>PINNOW<br><strong>18:15</strong> <a href="https://um-festival.de/en/2023-connect/artists/#mynthersprenger">Concert and reading with texts by Veit Sprenger and musical accompaniment by Thies Mynther</a></p>



<p></p>



<p class="has-medium-font-size"><strong>Music</strong></p>



<p>PINNOW<br><strong>13:30 / 15:00</strong> Chimes by <a href="https://um-festival.de/en/2023-connect/artists/#elkehorner">Elke Horner</a><br><strong>ab 15:00</strong> <a href="https://um-festival.de/en/2023-connect/artists/#modularturmklangkarussell">Interactive installation sound carousel</a><br><strong>16:30</strong> DJ Set CONNECT Team &#8211; B2B with Leonore del Mestre and Philippa Bock<br><strong>19:15 h</strong> Concert with <a href="https://um-festival.de/en/2023-connect/artists/#postneo">Post Neo</a><br><strong>20:00</strong> DJ set multigenerational music with <a href="https://um-festival.de/en/2023-connect/artists/#thomasfehlmann">Thomas Fehlmann</a></p>



<p></p>



<p>FERGITZ<br><strong>13:00 / 14:00</strong> Accordion and poem with <a href="https://um-festival.de/en/2023-connect/artists/#AnniKa-von-Trier">AnniKa von Trier</a><br><strong>15:30</strong> Concert &#8211; <a href="https://um-festival.de/en/2023-connect/artists/#ensemblequillo">Ensemble Quillo</a> LandQultour tours the Uckermark region<br><strong>16:00</strong> Concert and performance by <a href="https://um-festival.de/en/2023-connect/artists/#violayip">Viola Yip</a></p>



<p></p>



<p class="has-medium-font-size"><strong>Sunday 10 September 2023</strong></p>



<p class="has-medium-font-size"><strong>Talk</strong></p>



<p>FERGITZ<br><strong>11:00 </strong>Talk with Prof. Michael Succow on <em>Plaudikultur im Moor &#8211; nasse Füße für die Zukunft</em></p>



<p class="has-medium-font-size"><strong>Music</strong></p>



<p></p>



<p>PINNOW<br><strong>ab 12:00</strong> <a href="https://um-festival.de/en/2023-connect/artists/#modularturmklangkarussell">Interactive installation sound carousel</a><br><strong>12:30 </strong>Concert Matinee with <a href="https://um-festival.de/en/2023-connect/artists/#mynthersprenger">Thies Mynther &amp; Veit Sprenger</a></p>



<p class="has-medium-font-size"></p>



<p class="has-medium-font-size"><strong>Music</strong></p>



<p>FERGITZ<br><strong>14:00</strong> Concert with <a href="https://um-festival.de/en/2023-connect/artists/#baal&amp;mortimer">Baal &amp; Mortimer</a><br><strong>15:00 </strong>Concert with <a href="https://um-festival.de/en/2023-connect/artists/#like-a-shadow">Zeynep Ayse Hatipoglu and Robert Lippok</a></p>



<p></p>



<p class="has-medium-font-size"><strong>Cooperation project with the Succow Foundation and the Nature School Prenzlau</strong></p>



<p>Ilona Kálnoky <em>Paludikultur im Moor – nasse Füsse für die Zukunft</em></p>



<p>A project by Ilona Kálnoky in cooperation with the Michael Succow Foundation and the Active Nature School Prenzlau</p>



<p>For this year&#8217;s UM Festival Ilona Kálnoky deals with the topic of paludiculture (agriculture and forestry on wet soil). As Co2 reservoirs, peatlands need to become wet again. Inspired by the research of the Michael Succow Foundation, thoughts arise about the transformation of the region and the use of new agricultural products such as reeds and sedge . In an exhibition together with the active nature school Prenzlau the results are shown at Gut Fergitz.   </p>



<p><a href="http://www.ilonakalnoky.de" target="_blank" rel="noopener">www.ilonakalnoky.de</a> <a href="https://www.succow-stiftung.de/" target="_blank" rel="noopener"> www.succow-stiftung.de</a> <a href="http://www.aktive-naturschule.de" target="_blank" rel="noopener">www.aktive-naturschule.de</a></p>



<p>With the new knowledge about our peatlands as an important contribution against the emission of CO2, paludiculture has a new importance. Bogs and marshy meadows that were drained centuries ago are now being re-wetted. Thereby important bogs are created again, which bind Co2 in their sediments.   </p>



<p>Due to paludiculture, grasses such as the reed or sedge are growing more. It is time to think about how we can use these products. The use of reeds in historical times was for roofing, and insulation. It is also being researched as a fuel for energy production. The need for roofing material is imported, will that still be necessary when harvested and processed regionally again?     </p>



<p>The project started at the beginning of July 2023 as a project week of the Active Nature School Prenzlau in Fergitz (Uckermark). A reappraisal of the past of moor and reed and its cultural development in the Uckermark region is to be created. In the workshop products for a culture with reed and moor are compiled.  </p>



<div style="height:25px" aria-hidden="true" class="wp-block-spacer"></div>



<div class="wp-block-buttons is-layout-flex wp-block-buttons-is-layout-flex">
<div class="wp-block-button has-custom-font-size has-medium-font-size"><a class="wp-block-button__link has-white-color has-text-color has-background wp-element-button" href="https://www.tixforgigs.com/Event/50765" style="border-radius:0px;background-color:#442681" target="_blank" rel="https://www.tixforgigs.com/Event/50765 noopener">Buy tickets</a></div>
</div>

<div style="height:5px" aria-hidden="true" class="wp-block-spacer"></div>

<p>September 9 &#8211; 10, 2023 Art Annika Hippler, Brad Nath,&nbsp;Collective Mö, &nbsp;Andreas Greiner, Kyoco Taniyama Saturday 9 September 2023 Literature PINNOW12:30 Antonia Baum reads from Siegfried14:00 Slata Roschal reads from 153 Formen des Nichtseins Literature and music PINNOW18:15 Concert and reading with texts by Veit Sprenger and musical accompaniment by Thies Mynther Music PINNOW13:30 / [&hellip;]</p>
